(q) = 2*q**3 - 4*q**2 - 10. Calculate the remainder when f(8) is divided by 76.
74
Suppose 0*p = -p + 2. Suppose 5 = p*v - 2*h - 7, -3*h = 6. Suppose 2*q + v*j - 36 = 0, q - 10 = 3*j + 13. Calculate the remainder when 77 is divided by q.
17
Suppose -26 = -2*p + 3*j + 16, -2*p + 32 = 2*j. Suppose -3*g + 244 = -4*f, -181 + 176 = -f. What is the remainder when g is divided by p?
16
Let r(w) = -w + 6. Let q be r(6). Suppose 0 = -q*b + 3*b. Suppose 2*x + 2*x - 76 = b. Calculate the remainder when x is divided by 7.
5
Suppose 207*r + 4125 = 262*r. What is the remainder when 371 is divided by r?
71
Let l = -5 + -54. Let k = l + 65. Let t = 10 + 1. Calculate the remainder when t is divided by k.
5
Let u = -1 + 4. Let w(h) = 2*h**2 + h + 3. What is the remainder when w(u) is divided by 8 + -1 - (-14 + 14)?
3
Suppose -4*v - 233 = -249. What is the remainder when 24 is divided by v?
0
Suppose 3*o = 2*o - 1329. Let w = 275 + -259. Calculate the remainder when 4/(-14) + o/(-21) is divided by w.
15
Suppose -28 = -49*c + 47*c. Calculate the remainder when c is divided by 6.
2
Suppose -3*a = -5*a + 2. Suppose -5*m - 2 = -3*l, -5*m = -2*l + 3 - 5. What is the remainder when l is divided by a?
0
Suppose m - 48 = -m. Let o = 4 - 2. Suppose 5*y + 4*c - 18 = 0, o*c + m - 6 = 2*y. Calculate the remainder when 9 is divided by y.
3
Suppose 5*s + 318 = 4*v, -2*v + 6*s - 10*s + 146 = 0. What is the remainder when v is divided by 21?
14
Suppose 50*s = 41*s + 45. Let g(j) = j**2 + 4*j - 10. What is the remainder when g(-8) is divided by s?
2
Let d = -20 - -21. Suppose 0 = 3*c + 4*n - 33, 2*c - n - d = 10. Calculate the remainder when 12 is divided by c.
5
Suppose 6*r = 236 - 164. Calculate the remainder when 44 is divided by r.
8
Let i = -97 + 170. Calculate the remainder when i is divided by 19.
16
Let g = 2710 + -1790. Suppose -8*s = 15*s - g. Calculate the remainder when 198 is divided by s.
38
What is the remainder when 335 is divided by 7/(-7 - 58/(-8))?
27
Calculate the remainder when (6/4)/(10 + (-15748)/1576) is divided by 50.
47
Let p(v) = 10*v + 4. Let z(t) = -t**3 - 4. Calculate the remainder when p(4) is divided by z(-3).
21
Suppose 6*g = 1445 + 889. What is the remainder when g is divided by 14?
11
Suppose -14 = -2*w - 2. Suppose 2*y - 59 = -2*y - g, y - w = -2*g. Calculate the remainder when 3306/54 - (-4)/(-18) is divided by y.
13
Calculate the remainder when 262 is divided by 6138/110 - 9/5.
46
Let w be (-2)/(-5) + 6/(-15). Suppose -2*q + 5*g + 54 = 0, -q + w*q = -2*g - 27. Suppose -13*b - 58 + 253 = 0. Calculate the remainder when q is divided by b.
12
Let l(c) = -c + 8. Let x be l(9). Let v = -2110 + 2152. Calculate the remainder when v is divided by (-3)/(3/(-10)) - x.
9
Let o be 20/6*((-76)/(-20) + -5). What is the remainder when -57*o/12*1 is divided by 8?
3
Let o = 21 + -12. Let y(u) = 2*u + 13. Let r be y(4). Let p = r - 16. Calculate the remainder when o is divided by p.
4
Suppose -b + 13 = m, -4*m + 0*b = 3*b - 56. What is the remainder when 747 is divided by m?
16
Let o(k) = k**2 - 11*k - 35. What is the remainder when 87 is divided by o(-4)?
12
Suppose 10*w - 3*a + 126 = 12*w, -3*w = -a - 167. What is the remainder when 334 is divided by w?
49
Let t(q) = -q**3 + 10*q**2 - q + 1. Let n be t(10). Let i = 6 - n. Calculate the remainder when i is divided by 8.
7
Let d be (-2)/(-4)*(3 - -11). Suppose 38 - 3 = d*n. Calculate the remainder when 9 is divided by n.
4
Let i(h) = h**2 - 4*h + 2. Let u(p) = 162*p - 314. What is the remainder when i(-4) is divided by u(2)?
4
Let v(g) = g - 7. Let c be v(4). What is the remainder when 44 is divided by ((-1 - 2) + -2)*c?
14
Suppose -2*j + 210 = 2*o + 68, -3*o = -9. Calculate the remainder when j is divided by (-17)/(-1) - (12 - 9).
12
Suppose -u + 29 - 7 = 0. Suppose -3*o = -9, 0 = 2*i - 3*o + 1 + 4. Suppose 4*d - 48 = -i*d. What is the remainder when u is divided by d?
6
Let h(t) = 2*t**2 - 13*t + 27. What is the remainder when 9 is divided by h(3)?
3
Suppose v - 331 = 3*g, -9 = -2*g + 1. Calculate the remainder when v is divided by 35.
31
Suppose -4*u = -2*w - 782, -3*u + 2*w + 82 = -504. What is the remainder when u is divided by 33?
31
Suppose j = -1, 2*t - 3*j = -2*t - 21. Let c = -2 + t. Let g = c - -116. What is the remainder when g is divided by 37?
34
Let s(m) = -m**3 + 13*m**2 - 10*m - 9. Suppose 0 = 8*k - 198 - 754. Calculate the remainder when k is divided by s(12).
14
Let y be (-1)/(-4)*(-20)/(-5). Let t = -13 - -31. Calculate the remainder when t is divided by y + -1 - (-2 - 3).
3
Suppose -101*j + 1035 = -92*j. What is the remainder when j is divided by 42?
31
Calculate the remainder when 32 is divided by (-2)/9 + 3737/333.
10
Let s(w) = -4*w**2 - 29*w - 3. Let r be s(-7). Suppose -2*x + 4*c = 2*x - 48, -r*c + 4 = 0. Calculate the remainder when 23 is divided by x.
10
Suppose 10 = 5*h, 5*d - 5*h + 24 = 3*d. Let m = d + 22. What is the remainder when m is divided by 4?
3
Let t(i) = 12*i - 15. What is the remainder when t(6) is divided by 5?
2
Let j = -160 - -257. Let v(y) = y**2 + 24*y + 20. Calculate the remainder when j is divided by v(-24).
17
Let n(z) = 3*z**2 - z. Let g = 45 + -45. Suppose 5*o = -g + 15. What is the remainder when n(-2) is divided by o?
2
What is the remainder when (2 + -24)*(-2)/4 is divided by ((-36)/16)/(42/(-56))?
2
Suppose -7*n + 45*n = 3914. What is the remainder when n is divided by 53?
50
Let k(r) = -r**2 - 29*r + 42. Calculate the remainder when k(-24) is divided by 53.
3
Calculate the remainder when 34 is divided by 2 - ((-21)/42)/((-1)/(-8)).
4
Suppose 3*s - 25 = -2*s. Let v be s/(-1)*(-2)/5. Calculate the remainder when 8 is divided by (v + (-3 - 0))*-5.
3
Let j(u) = -2*u**3 + 2*u**2 + 3*u + 2. Let d = 51 - 10. Suppose -3*c = -d - 73. Calculate the remainder when c is divided by j(-2).
18
Suppose -4*c = -2*q + 68, 5*c = -5*q + 67 + 28. What is the remainder when 123 is divided by q?
3
Let r(t) = 2*t**2 + 18*t - 14. Let p be (-4*(-11)/(-2))/2. What is the remainder when 118 is divided by r(p)?
28
Let f = 7 + -4. Suppose 5*b = f*b + 176. What is the remainder when b is divided by 18?
16
Let r(k) = 2*k**2 - 3. Let p be r(2). Suppose 0 = 4*u - 19 - p. Let y = 4 - -19. Calculate the remainder when y is divided by u.
5
Suppose b + 508 = 4*w + 2*b, -3*w - 3*b = -372. What is the remainder when w is divided by 45?
38
Let l = -657 - -682. Calculate the remainder when (-2)/3 - 436/(-6) is divided by l.
22
Let r = 34 + -49. Let n(b) = -b**2 - 20*b - 3. What is the remainder when n(r) is divided by 19?
15
Suppose 0 = -5*t + 17 + 178. Let b(o) = o**3 + 26*o**2 + 49*o + 35. What is the remainder when t is divided by b(-24)?
6
Suppose -m - 5*s - 4 = -12, -4 = s. Suppose -f - f = -m. Suppose h - p - 336 = -4*h, -2*p - 60 = -h. Calculate the remainder when h is divided by f.
12
Suppose 6*f - 37 - 59 = 0. Let o = 16 + f. Calculate the remainder when o is divided by 17.
15
Suppose -11*y + 89 = -417. Calculate the remainder when y is divided by 16.
14
Let b(w) = -79*w - 1. Let x be b(-1). Suppose z - x = 9. Suppose 29*m = -42*m + 1562. Calculate the remainder when z is divided by m.
21
Suppose -170 = 5*g - 65. Let k be 0/(-4 + 0) - g. Calculate the remainder when 13 is divided by (1 + 0)/(3/k).
6
Let g(b) = -b**2 - 10*b + 2. Let y be g(-8). Suppose -4*a + y = -x - x, -a + 6 = -2*x. Suppose 4 = t - a. What is the remainder when 13 is divided by t?
5
Let y be 4/(-1) + 1 + (85 - -6). Let n = -86 + y. What is the remainder when 9 is divided by n?
1
Let c(f) = 21*f**2 + 1. Let h(x) = -4*x + 10. Let m be h(3). Let a be (-4)/m - (6 - 3). What is the remainder when c(a) is divided by 9?
4
Suppose -5*q - 22 = -5*v - q, -5*q - 15 = 0. Suppose v*b - 46 = -2. Calculate the remainder when b is divided by 6.
4
Suppose -t + 0*y + 8 = 3*y, -4*t + 72 = 2*y. Suppose 20*o - 15*o = 55. Calculate the remainder when t is divided by o.
9
Suppose 2*d - 110 = 2*h, 0 = -4*d + 8*d + 3*h - 206. Calculate the remainder when 261 is divided by d.
49
What is the remainder when 77 is divided by 15/(-2)*506/(-115)?
11
Suppose 4*m + r = 128, 2*m - 3*r - 67 = -17. Let c = m - 24. Suppose 0 = -c*w + 4*w + 6. Calculate the remainder when 6 is divided by w.
0
Suppose -78 - 45 = -3*t. What is the remainder when t is 